.
0
Let t(m) be the first derivative of m**2/2 - m + 12. Let v = -52 - -50. Let q be 3/v + (-45)/18. Give t(q).
-5
Let t(v) = -163*v**2 + 92*v + 149*v**2 - 19*v + 1 - 106*v**3 + 105*v**3. Calculate t(-18).
-17
Let c = -18 - -10. Let b(q) = 4*q + 4*q**3 + 4 - 86481770*q**2 + 86481778*q**2 - 3*q**3. What is b(c)?
-28
Suppose -8*u - 2900 = 21*u. Let c = 84 + u. Let m(y) = 2*y + 27. Calculate m(c).
-5
Let r(p) = 10*p - 1. Let g(w) = 67*w - 18. Let o(t) = -g(t) + 7*r(t). Give o(5).
26
Let m(h) = h**3 - 11*h**2 - 1. Let z = 7684 - 7673. Determine m(z).
-1
Let y(n) = n**3 + 8*n**2 - 11. Suppose -7*o = 39 + 17. Give y(o).
-11
Let f(r) = 12*r - 14*r**2 - r**3 + 9 - 34*r**2 - 1 - 2*r + 40*r**2. Let u(l) = 2*l - 1. Let q be u(-4). What is f(q)?
-1
Let i = 32294 + -32293. Let r(f) be the first derivative of 5*f**3/3 + f**2/2 - f + 1. Give r(i).
5
Let h(d) = 4671*d**3 + 37*d**2 - 34*d**2 - 4672*d**3 + d + 5. Suppose -i = -1 - 3. Determine h(i).
-7
Let h = -4 - -3. Let f(v) be the first derivative of 13*v**3/3 - v + 10540. Give f(h).
12
Let h(o) be the second derivative of -o**5/20 - o**4/12 - o**3/3 - o**2/2 - 19*o. Let u(g) = -17*g - 1. Let a be u(2). Let z = a - -37. Calculate h(z).
-17
Let o(d) be the first derivative of -d**4/4 + 7*d**3/3 - 3*d**2/2 - 16*d - 1228. Calculate o(6).
2
Let k(n) = 7*n - 8. Let h = -867 - -870. Let d be (-45)/(-54) + (-33)/18 + h. Calculate k(d).
6
Let s(c) be the second derivative of 9*c**3/2 - 5*c**2/2 + 9109*c. Give s(1).
22
Let r(v) = 2*v + 110. Let o(t) = -11*t - 444. Let a(z) = -2*o(z) - 9*r(z). What is a(24)?
-6
Let y(d) = -26*d + 1246. Suppose f + 142 = 3*l, 2*l = f - 4 + 98. What is y(l)?
-2
Let q(g) = 10*g**2 - 2*g**3 + 63 - 24 - 29 + 3*g**3 + 5*g. What is q(-10)?
-40
Let p(r) = 4*r**2 + 4. Let y(a) = 7*a**2 - a + 7. Suppose 12*s + 40 - 4 = 0. Let u(q) = s*y(q) + 5*p(q). What is u(3)?
-1
Let x(k) = -13*k**3 - 3*k**2 - 2*k - 15. Let y = -971 + 982. Let h(q) = 1 + 9 + q + 7*q**3 + 2*q**2 - 2. Let t(b) = y*h(b) + 6*x(b). Determine t(4).
-6
Let u(w) = 6*w**2 - 107*w + 381. Let o be u(5). Let s(p) = -p**2 + 2*p + 29. Determine s(o).
5
Let p(g) = -7*g**3 + 12*g**2 + 4*g - 1. Let x(n) = 15*n**3 - 25*n**2 - 9*n + 1. Let f(o) = -13*p(o) - 6*x(o). What is f(6)?
19
Let g(d) = 33*d + 53. Let i be g(-6). Let n = i + 148. Let u(y) = -y + 0 + 6 - 3. Determine u(n).
0
Let v(s) = -s**3 - 7*s**2 - 9*s + 5. Suppose -287 = -n - 235. Suppose 5 = w, 4*p - 17 + n = 3*w. Calculate v(p).
0
Let c(t) = -3*t**2 + 6*t**2 + 3*t**3 - 13163 + 6*t**2 - 2*t**3 + 9*t + 13162. Give c(-8).
-9
Let s = -15849 + 15845. Let n(l) = 4*l - 4. Determine n(s).
-20
Suppose 0 = -11*g - 55, 8*c - 2*g + 6 = 12*c. Let x(v) be the first derivative of 0*v**2 + c - 4*v - 5/3*v**3 + 1/4*v**4. What is x(5)?
-4
Let b(z) = -z + 9. Suppose -71 = -11*s + 446. Suppose 4*p = -r + s, 0*p + 3*p - 44 = -r. Suppose -r + 10 = -5*o. What is b(o)?
4
Let z(d) = 2 + d + d**3 + 8 - d**2 - 15 + 6. Let c = 30 + -20. Suppose -5 = -o, -3*a + 2*a - 2*o = -c. Give z(a).
1
Suppose -2*l - 836 + 858 = 0. Let k = -4 + 6. Let q(g) = 5 + l*g**2 - 6*g - 30*g**k + 17*g**2. Calculate q(-5).
-15
Let x(u) = 3*u**3 - 20*u**2 - 35*u - 103. Let a(v) = -2*v**3 + 14*v**2 + 23*v + 69. Let m(f) = -8*a(f) - 5*x(f). What is m(13)?
15
Let x(g) = -55*g + 10*g - 1 + 46*g. Let f(d) be the third derivative of -d**4/24 + 10*d**3/3 + 13*d**2. Let z be f(16). Determine x(z).
3
Let w be (-1)/((3/5)/3). Let n(k) be the first derivative of k**4/4 + 5*k**3/3 + k - 103978. Give n(w).
1
Let a(w) be the first derivative of w**3/3 + 3*w**2/2 - 20*w + 4. Suppose 0 = -3*l + 12, -c + 183 = l + 185. Determine a(c).
-2
Let x = 1094 - 1091. Let m(o) = -o**3 + 2*o**2 + 3*o + 2. Let l be m(3). Let i(s) = 1 + s**l - s + 0*s**2 + 0*s**2. Calculate i(x).
7
Let k(i) = 2 + 11*i - 10*i - 2 + 1. Suppose 0 = 2*x - 4*f - 26, 0*f + 8 = 4*x + 3*f. Suppose -5*l - 2*w = -4*w + 50, 0 = -x*l + 3*w - 55. Calculate k(l).
-7
Let r(o) be the third derivative of 11*o**6/24 - o**5/60 - o**4/24 + o**3/6 + 1684*o**2. Calculate r(1).
54
Suppose 6*k + 8 = 20. Let b(w) = 14*w - 17. Let r(f) = 7*f - 8. Let o(l) = 3*b(l) - 7*r(l). Let p be o(k). Let d(i) = -i - 14. Calculate d(p).
-5
Let a(u) be the first derivative of 1/2*u**2 + 222 + 11*u. Determine a(-5).
6
Let g(n) = n**2 - 10*n - 10. Let u be (-1620)/(-50) - (-1 + 14/10). Let s be (-310)/(-13) + 2/13. Let p = u - s. Give g(p).
-26
Let n(o) be the second derivative of 0*o**4 + 1/2*o**2 + 0 + 1/20*o**5 + 32*o + 1/6*o**3. Let s be 4/10 - 16/(-10). Calculate n(s).
11
Let v = -780 - -420. Let y = -365 - v. Let b(n) = -n**2 - 7*n - 2. What is b(y)?
8
Suppose 372 = 9*r + 3*r. Suppose -r*w - 16 = -27*w. Let u(z) = 2*z - z**2 - z - 5*z - 2. Calculate u(w).
-2
Let r(x) = -3*x**2 + 2*x**2 - 2*x + 5 + 2*x**2. Suppose -120 = -33*c + 78. What is r(c)?
29
Let q(b) = -13*b - 14. Suppose 0 = 6*c - 8*c - 4. Calculate q(c).
12
Let q(a) = 11*a + 10. Let n(d) = d**3 - 5*d**2 + 11*d - 284. Let p be n(8). Give q(p).
-34
Let k(c) = 29*c - 58. Let p(u) = -26*u + 53. Let o(j) = 8*k(j) + 9*p(j). What is o(12)?
-11
Let r = 336 + -202. Suppose 0 = 36*w - 37*w - r. Let u = w + 130. Let l(y) = y**2 + 2*y + 5. Calculate l(u).
13
Let d(l) = 1 - 41*l + 2 + 24*l + 22*l. Let h be -4*4 - (12 + -15). Let t = 9 + h. Give d(t).
-17
Let h(i) = -i**2 + 4*i - 1. Suppose -7 - 23 = 5*d. Let l = -479 - -530. Let x be (4/d + -2)/((-34)/l). Give h(x).
-1
Let a(s) = s**3 + 4*s**2 - s - 2. Let t = -186 + 1094. Let j = -911 + t. Determine a(j).
10
Let x(s) = s - 14. Let o be x(16). Suppose -14 = -3*d - 5*u, -o*d - 5*u + 1 + 5 = 0. Let h(t) = -d*t + 0 + 5 - 2 + 3 + 2*t**2. Calculate h(5).
16
Let w(i) = 2*i**2 + 6. Suppose 0 = -5*u - 3*m + 37, 80 = -4*u + 2*m + 92. What is w(u)?
56
Let m = -22370 - -22359. Let x(j) = j**2 + 13*j + 22. What is x(m)?
0
Suppose -10 = 3*a + 2*a, 35 = 3*y + 2*a. Let c(v) = -6*v**2 - 99 + y*v + 5*v**2 + 93. What is c(12)?
6
Suppose -2*i + 168 = 29*i - 7*i. Let m(c) = c**3 - 8*c**2 + 6*c - 19. Give m(i).
-26
Let l(x) = -x**3 - 78*x**2 - 43*x + 2617. Let b be l(-77). Let r(y) = 4*y**3 + 2*y**3 - y + 0*y. Calculate r(b).
-5
Let q(g) = 2*g + 12. Let m(n) = -n**2 + 2*n + 4. Let a be m(3). Let v be 1*(-4)/12 - 24/9. Let i(z) = z + 1. Let r(y) = a*q(y) + v*i(y). Determine r(4).
5
Let q(h) = 8*h + 12. Let x(f) = 3*f + 4. Let j(v) = 4*q(v) - 11*x(v). Let g be j(2). Let a(u) = u**3 + 3*u - 4*u**3 + 5*u**3 - u**3 - 4*u**g. Give a(2).
-2
Let y = -7 + 9. Let z(g) = -2*g + 4*g - g**y + g - 6. Let v(r) = -2*r**2 + 2*r + 4. Let t be v(0). What is z(t)?
-10
Let q be 5/(-40) - 36/(-32). Let p(r) = 8*r + 3*r - 32*r + 3 + 5*r + 8*r. Calculate p(q).
-5
Let o(h) = -61*h - 77. Let p be o(-4). Let d(q) = 84 - 4*q + 80 - p + q. Calculate d(-7).
18
Let n(i) = i**3 - 9*i**2 + 12*i + 6. Let h = -2427 + 2434. Calculate n(h).
-8
Let a(t) = 14961*t**2 - 4*t**3 + 35 - 14990*t**2 - t**3 + 6*t**3 - 31*t. Determine a(30).
5
Suppose -67*v - 39 = 229. Let l(h) = -h - 10. Determine l(v).
-6
Suppose -22*t + 20*t + 16 = p, 5*p = -4*t + 50. Let i(a) = 9*a - 23. What is i(t)?
22
Suppose 1932*p = 1943*p - 55. Let v(n) = n**2 - 7*n + 2. Calculate v(p).
-8
Let i be -11 + (-8 - (-387)/18). Let y(x) be the first derivative of i*x**2 - 1/3*x**3 + 14 + 2*x. Calculate y(6).
-4
Let r be (0 + -10)*2/(-4). Let n(u) = 10*u - 597. Let m(c) = 18*c - 1092. Let q(s) = 6*m(s) - 11*n(s). Determine q(r).
5
Let h be (1/2)/((-92)/(-24) - 4). Let q be (0 - -6)/(-1 - h*1). Let j(b) = -b + 16*b**q - 7 - b**2 - 6*b**3 - 11*b**3. Determine j(0).
-7
Let w(o) = 0 + o - 3 + 2. Let m = -57367 + 57380. Calculate w(m).
12
Let o(t) be the first derivative of -74 - t - 1/3*t**3 + 4*t**2. Determine o(8).
-1
Let r(n) = -2*n**2 - 9*n + 16. Let t(o) = -2*o**2 - 8*o + 14. Let k(i) = 5*r(i) - 6*t(i). Calculate k(-5).
31
Let z(l) be the third derivative of 0*l - 1/4*l**4 - 4 + 1/2*l**3 - 4*l**2. Give z(2).
-9
Suppose 48 = 4*u - 2*z, -2*u + 103*z - 107*z = 6. Let a(j) = -j**3 + 9*j**2 + 5*j. Determine a(u).
45
Let m(a) = -5*a**2 - 20*a + 5. Suppose 4*t + 8 = -3*c, 2*t - 37 + 39 = -c. Calculate m(c).
5
Let m = 70 - 40. Suppose -r = 4*r - m. Let b(x) = 6*x - 41. Let c(a) = -2*a + 14. Let k(y) = r*b(y) + 17*c(y). Give k(6).
4
Let s(p) be the first derivative of p**4/4 - 4*p**3 - 11*p**2/2 - 17*p + 4. Let q(z) = 